 + 5*p = -3, -c + 3*p + 1 = 0. Suppose -7*i + 3245 = c*i. List the prime factors of i.
5, 59
Suppose -2*c = -2*s - 14, 32 - 9 = 4*c - 3*s. What are the prime factors of (-8 + 798/(-12))/((-1)/c)?
149
Let w(b) = 12*b + 10. Let j = 52 - 42. Suppose -6*r + j*r - 16 = 0. What are the prime factors of w(r)?
2, 29
What are the prime factors of (24/(-28))/(624/(-112)) + 159092/13?
2, 29, 211
Let f be (6/(-14) - -3)/((-3)/(-14)). Suppose -f = -5*i + 4*y, 0 = -5*i - y - 5 + 2. Suppose 3*o + i*o = 69. List the prime factors of o.
23
Suppose 4*u - 97820 = m - 0*m, 3*m - 12 = 0. What are the prime factors of u?
2, 3, 1019
Let k(d) = 871*d + 1257. What are the prime factors of k(27)?
2, 3, 4129
Suppose -2538 = -21*k + 15*k. Let a(g) = -1 - 467*g + 5 + k*g. What are the prime factors of a(-2)?
2, 23
Suppose -4*f - 2*o = -4*o - 21698, f = 4*o + 5421. What are the prime factors of f?
5, 7, 31
Let y(g) be the first derivative of 7/3*g**3 - 9 - 5*g**2 - 3*g + 1/4*g**4. What are the prime factors of y(-7)?
67
Suppose 0 = -2*s + o - 6*o + 91312, 0 = -4*s + 2*o + 182720. What are the prime factors of s?
2, 19, 601
Suppose -3*u = -5*n - 7817, -u + 2*n + 2123 + 482 = 0. List the prime factors of u.
2609
Let w = -35 - -437. Let o = w - 204. Suppose 6*s - 3*s - o = 0. What are the prime factors of s?
2, 3, 11
Let r be (-81)/(-18) + (-1 - 3/(-6)). Let i be ((-621)/(-18))/(3/r). List the prime factors of (-11 + 2)*i/(-6).
3, 23
Let p = -15755 - -30364. What are the prime factors of p?
7, 2087
Let o(c) = -c**3 + 5*c**2 + 10*c + 9. Let w be o(-4). Let b = -77 + w. List the prime factors of 3/((3 - b/11)/(-3)).
3, 11
Suppose 320509 = 49*v - 136024. What are the prime factors of v?
7, 11
Let b(r) = -r**2 + r + 13. Let t be b(0). Suppose 0 = -5*u + q + 32, 5*u - 4*q - 25 - t = 0. Suppose -3*x + 720 = u*x. List the prime factors of x.
2, 5
Let v = 818 - -67. What are the prime factors of (-1*v - 0)*(-10)/6?
5, 59
Let l = -78 - -82. Suppose 20 + l = -4*w. Let c(v) = -v**3 + 11*v - 14. What are the prime factors of c(w)?
2, 17
Let h(n) = 68*n**2 + 15*n - 35. Suppose 5*x - 29 = -3*o, -4*x = 3*o - x - 21. What are the prime factors of h(o)?
2, 311
Let l be 2/12 - (-255)/(-18) - -2. Let s be (1 - 4) + (l/4 - -5). Let y(q) = -133*q**3 - 2*q**2 - 4*q - 2. List the prime factors of y(s).
7, 19
Let x be 11 + 325 + (-2 - (0 - -2)). Suppose -330*d = -x*d + 728. What are the prime factors of d?
2, 7, 13
Let c(n) = 12*n + 4. Let s be c(2). Let r = s - -10. Suppose g + 0 = r. List the prime factors of g.
2, 19
Suppose 2*n + 5*w = 6524 + 21088, 5*w = -30. What are the prime factors of n?
3, 17, 271
Let g = -370 + 377. Let v(q) be the third derivative of -q**6/120 + q**5/6 - 5*q**4/8 - q**3/3 + 2*q**2. What are the prime factors of v(g)?
2, 5
Let h = -245 - -742. Let o = 12 + h. Suppose -g + 2*g - 387 = -3*n, 4*n = g + o. List the prime factors of n.
2
Suppose -4*j + 84 + 36 = 4*m, -10 = 2*j. Let a(k) = k**3 - 36*k**2 + 53*k - 57. List the prime factors of a(m).
3, 191
Let w = 39 + -42. Let b be 3/(-24)*-10*(-12)/w. What are the prime factors of (4790/6)/b - (-1)/3?
2, 5
Let f(i) be the first derivative of 23*i**3 - 29*i**2/2 - 6*i - 2. What are the prime factors of f(5)?
2, 787
Let o(a) = -a**2 - a + 1. Let y(c) = -c**3 - 3*c**2 + 6*c + 14. Let r = 0 + 1. Let t(x) = r*y(x) + 4*o(x). List the prime factors of t(-8).
2, 3, 11
Let n = -7782 + 11616. Suppose n = 5*x - f, 1317 = x - 5*f + 531. What are the prime factors of x?
2, 383
Suppose -6*s + 3*x + 339822 - 42153 = 0, -4*x = s - 49607. What are the prime factors of s?
3, 23, 719
Let m(w) = w**3 - 7*w**2 - 9*w + 7. Let s be m(8). Let t be (0 + 2 + s)*(-4)/2. List the prime factors of t/(-7) + (-5280)/(-42).
2, 3, 7
Let n = -63394 + 92196. What are the prime factors of n?
2, 14401
List the prime factors of 132/176*(-5416)/(-6).
677
Let j(m) = 6*m**3 + 6*m**2 - m + 19. Let b(v) = 3*v**3 + 3*v**2 - v + 9. Let z(d) = -7*b(d) + 3*j(d). Suppose -5*r = r + 24. What are the prime factors of z(r)?
2, 61
Let n = -479 + 501. Suppose -6199 = n*a - 26*a + 5*y, 0 = -2*a - 3*y + 3127. What are the prime factors of a?
2, 389
Let c = 25 + -21. Let s = c + 6. Let z(h) = -h**2 + 10*h + 3. List the prime factors of z(s).
3
Let r(j) = -j**3 - 4*j**2 - 2*j + 2. Let d = 10 + -13. Let c be r(d). List the prime factors of (2398/(-110))/(c/5).
109
Suppose -6*p = -5184 - 4194. Let f = p - 852. List the prime factors of f.
3, 79
Let w(u) = u**3 + u**2 + 6*u - 17. Let i be w(7). Suppose i + 2139 = 9*j. What are the prime factors of j?
2, 71
Let t = 94 - 28. List the prime factors of t*(2/(-8))/(2/(-36)).
3, 11
What are the prime factors of 3156/(15 - 17 - 10/(-3))?
3, 263
Suppose 13*z + z - 875966 = z. List the prime factors of z.
2, 7, 4813
Let x(m) = -m**2 + 19*m - 18. Let a(j) = -j**3 - 21*j**2 + 20*j - 28. Let w be a(-22). Let c be x(w). Suppose 7*n - 26 = c. List the prime factors of n.
2
Suppose 5*f - 2*z - 6457 = 0, 8*f = 7*f + 3*z + 1307. List the prime factors of f.
1289
Suppose -16*w + 440 = -14*w. Let d = w - 111. Let g = 236 - d. List the prime factors of g.
127
Let i(r) = 0*r - 4*r - 3*r + 6*r**2 - 63 + 49. Let c be i(-7). Suppose -3*f - 20 + c = 0. List the prime factors of f.
103
Let j(l) = 8*l + 56. Suppose 2*x + 1 = 5, -19 = 3*i + 4*x. Let d be j(i). List the prime factors of (-27)/(3 - (-52)/d).
2, 3
Suppose 0 = -7*b - 14*b + 8190. Let q = 1977 - b. List the prime factors of q.
3, 23
What are the prime factors of 18/(-33) - (-90)/(11/10980*8)?
3, 19, 197
Let q = -113 - -115. Suppose q*b = 13*b - 231. Let v(k) = k**2 - 12*k - 33. What are the prime factors of v(b)?
2, 3, 13
Let l(g) = -g**2 - 115*g + 2058. What are the prime factors of l(0)?
2, 3, 7
Let o = -10 + 13. Suppose k - o = -4. What are the prime factors of (k + -1)/((-2)/167)?
167
Let x(h) = -2513*h + 2044. List the prime factors of x(-9).
7, 13, 271
What are the prime factors of 157532/6 - (14 + (-440)/30)?
2, 3, 547
Let w = 110391 - 64002. What are the prime factors of w?
3, 7, 47
Let c(m) = m**2 - 1. Let b be c(1). Let o(r) = 3*r - 7. Let w be o(b). List the prime factors of (-12 - -4)*(-1 + w).
2
List the prime factors of (217 - 64247)/((-2)/1).
5, 19, 337
Suppose -5*d + 187 = -43. Let p = 28 - d. What are the prime factors of (96/p)/(4/(-54))?
2, 3
Let b = -456 - -478. Let n(h) = -h**3 + 22*h**2 + 26*h - 73. What are the prime factors of n(b)?
499
Suppose -144705 = -3*p + 9*i, 2*i + 8060 = 2*p - 88406. What are the prime factors of p?
2, 6029
Let r(k) = 12002*k + 62*k**2 - 12002*k + 1. List the prime factors of r(-1).
3, 7
Let r(n) = 4*n + 50. Let i be r(-10). Suppose -i*l + 3012 + 1288 = 0. Suppose -104 = -3*m + l. List the prime factors of m.
2, 89
Let u be 8/(-44) + 2/11 + 3. Suppose -z - u*s - 40 = -6*z, 4*z - 15 = -s. Suppose 138 = z*k - 3*k. What are the prime factors of k?
3, 23
What are the prime factors of 681020/51 - (-10)/6?
5, 2671
Let r(w) = -18*w**3 - 6*w**2 - 6*w - 7. Suppose 2*d - 5*d + 2*l - 2 = 0, 31 = -4*d - 3*l. List the prime factors of r(d).
29, 37
Let m = 129626 - 69229. List the prime factors of m.
60397
Let k = 4300 + 1116. List the prime factors of k.
2, 677
Let p be ((-4)/(-3))/(30/45). Suppose p*g - 182 = k, 2*g + 0*k - 178 = -k. What are the prime factors of g?
2, 3, 5
Suppose -1641 = 4*a - 3*l, 7*a + 2052 = 2*a + 3*l. Let h = a - -552. List the prime factors of h.
3, 47
Suppose 0*a + 2*d = 3*a - 205, -2*d = 4*a - 264. Let r = 114 - a. Let i = -31 + r. What are the prime factors of i?
2
Suppose -4*w + a + 15 = 0, -3*w - 4*a + 29 = 13. Let b(u) = 3*u**3 + 3*u**2 + 7*u - 15. List the prime factors of b(w).
11, 23
Suppose -44*o + 15*o = -15515. Let g = o - -364. What are the prime factors of g?
29, 31
Suppose 5*n + 5*s = 6556 + 29069, s = 5*n - 35613. What are the prime factors of n?
17, 419
Let l(a) = -a**2 - 12*a - 17. Let d be l(-10). Suppose 5 = o - u, 2*o - o = -d*u - 7. Suppose o*h = 39 - 9. List the prime factors of h.
3, 5
Let d = -52 + 61. Let c(s) = 36*s - 32. List the prime factors of c(d).
2, 73
Suppose -2*k + 2015 = -x, 5*k - 38*x = -35*x + 5040. Let h = k + -204. List the prime factors of h.
3, 89
Let x = 1922 - 1005. Let m = -637 + x. What are the prime factors of m?
2, 5, 7
Let y(w) = -12 - 10 + 23 + 12*w**2 - 40*w + 8*w + w**3. List the prim